1
Suppose 2*w + w + 4*b - 43 = 0, b - 13 = -w. Let s(k) = 3*k**2 + 7*k - 26. List the prime factors of s(w).
2, 5, 7
List the prime factors of (71 + -66)/((-10)/(-1882)).
941
Let l(n) = 68*n + 1949. List the prime factors of l(61).
7, 13, 67
Let n(o) = -14*o - 150. Let z be n(-7). Let b = z - -224. What are the prime factors of b?
2, 43
Let w = 79 - 74. Let a be 60/9*(3 - 9/w). Suppose -a*t = -10*t + 154. List the prime factors of t.
7, 11
Suppose 0 = -361*j - 709289 + 4951400. List the prime factors of j.
3, 3917
Let y = 4565 - 1150. List the prime factors of y.
5, 683
Let y(v) = 2*v**2 + 64*v - 4. Suppose 9*r - 140 = 13*r. What are the prime factors of y(r)?
2, 103
Suppose 2*g - 33 = -2*r + g, -3*r + 42 = 4*g. Suppose -r - 92 = 5*j. Let l = -7 - j. What are the prime factors of l?
3, 5
Let k be (-5)/(-3) + (-27)/(-81). Let d(n) = 2*n - 10 - k + 6*n**2 - 5 + 7*n. What are the prime factors of d(4)?
5, 23
Let x = -316 + 1282. Let r = x - 895. List the prime factors of r.
71
Let s = 1 + 0. Let l be (73 - (1 + s)) + 4. Suppose 3*c = b, -l = -4*b - 3*c - 0*c. What are the prime factors of b?
3, 5
What are the prime factors of ((-770)/198 - -4) + (-143558)/(-9)?
3, 13, 409
What are the prime factors of 29/((-174)/(-67288)) - (1 - 12/9)?
5, 2243
Let b be (0/(-10))/(-1 - 3). Suppose 207 = j + 3*g, b = -5*j + 5*g + 1096 - 141. Suppose -11*r + 679 = j. What are the prime factors of r?
2, 11
Suppose r + b - 3 = -6, 0 = 2*r + b + 2. What are the prime factors of 3*r + 60839/83?
2, 23
Let z(q) = -4*q**2 + 2*q + 27*q**2 - 1 - q**2. Let g be z(3). Suppose k + g = 7*v - 3*v, v = k + 47. List the prime factors of v.
2, 13
What are the prime factors of 0 + 353*59 + (-11)/11?
2, 3, 13, 89
Let m be 400/(-160) + 17/2. List the prime factors of (m/5)/((-1)/(-930)).
2, 3, 31
Let h = -196 + 182. Let i = 158 - h. List the prime factors of i.
2, 43
Let p be 1710/8 + (-3 - 65/(-20)). Suppose c + p = 5*j - 672, 3*c + 700 = 4*j. List the prime factors of j.
2, 89
Suppose 0 = 5*v - q - 2360, -2350 = -5*v + q - 2*q. Let g = 752 - v. List the prime factors of g.
281
Let k = -175 + 426. Let g be 6/(-45) - 152328/990. Let y = k + g. List the prime factors of y.
97
Suppose 3*h = -5*s - 43, -2*h - 4*s - 17 = 11. Let p(u) = u**3 + 15*u**2 - 27*u - 15. Let n be p(h). Let f = n - 108. List the prime factors of f.
53
Suppose -30*u - 74622 + 254892 = 0. What are the prime factors of u?
3, 2003
Let a = 252326 - 159894. What are the prime factors of (0 - (-4)/(-5)) + a/265?
2, 3, 29
Let l(n) = -3*n**2 - 15*n - 2. Let i be l(-6). What are the prime factors of (i/(-10))/((-150)/151 - -1)?
2, 151
Let d(p) = p**2 - 14. Let m be d(-5). Suppose m*o = 38*o - 9882. List the prime factors of o.
2, 3, 61
Suppose 5*d + 3 = 38. Suppose -5*w = -7*w + 3*i + 9, 4*i - 40 = -6*w. Suppose w*f + 3 = d*f, 4*c - 523 = -5*f. List the prime factors of c.
127
Let g be 69*(-156)/(-18) - -6. Let b = g + -477. What are the prime factors of b?
127
Suppose 9*r = -60 + 510. Suppose 0 = 43*q - r*q + 2625. What are the prime factors of q?
3, 5
Let x be (-4)/12*0 + 52/(-1). Let t = x + 357. What are the prime factors of t?
5, 61
Let t be (-3)/(-18)*36/6 - 1. Suppose t = 3*x, 3*x + 1455 = 5*z - 735. What are the prime factors of z?
2, 3, 73
Let d = -133 + 208. Suppose 8*y = 2403 - d. List the prime factors of y.
3, 97
Let a(m) = -3*m + 40. Let y be a(2). Suppose 0 = -32*p + y*p - 614. What are the prime factors of p?
307
Let y be (1 + -3 - 1) + 45. Suppose -y = -2*g - 2*l, -g - 3*l - 2*l = -25. What are the prime factors of 1*5/(g/724)?
181
Let r(s) = 2467*s + 1583. List the prime factors of r(17).
2, 47, 463
Let c = 3 - -17. Suppose 0*k - k + 5*p + 24 = 0, -2*k + 3*p = -c. What are the prime factors of (-16)/((-16)/k) - -110?
2, 3, 19
Suppose 26*w - 31177 = 30599. List the prime factors of w.
2, 3, 11
Let s be 4 + 138*1 + 2. Let c = s - 24. Suppose 530 - c = 5*l. List the prime factors of l.
2, 41
Suppose -15*v + 3*v + 44016 = 2*v. List the prime factors of v.
2, 3, 131
Let d = 0 - -14. Let h(m) = m**3 + 21*m**2 - 3*m - 34. Let i be h(-21). Let c = i - d. List the prime factors of c.
3, 5
Let t = 14098 + 28591. What are the prime factors of t?
42689
Suppose -40207*s = -40187*s - 39800. List the prime factors of s.
2, 5, 199
Suppose -2*q = 3*u - 3609 + 1362, -2*q + 5*u + 2255 = 0. List the prime factors of q.
3, 5
Let d(c) = 2*c**3 - 6*c**2 - 119*c + 212. List the prime factors of d(29).
40493
Let r = 6912 + -5626. What are the prime factors of r?
2, 643
Let z(f) = f**3 + 77*f**2 - 80*f - 2590. What are the prime factors of z(-76)?
2, 41, 113
Suppose -m + 4*a = -14, 4*m + 0*a - 2*a = 14. Let p be 1*(1/((-1)/m))/(-1). List the prime factors of (-654)/(-9) + p/(-3).
2, 3
Let z = 8 - 7. Suppose -8*y - 6581 = 99. List the prime factors of (y/(-4))/z + 1/4.
11, 19
Let u = 7500 + 6915. List the prime factors of u.
3, 5, 31
Let q = -180 + 191. Suppose 0 = q*i - 3*i - 1968. List the prime factors of i.
2, 3, 41
Suppose -2*i = -7*i - 60. Let x be 22*-1*(-6)/i. List the prime factors of ((12925/(-10))/x)/((-2)/(-4)).
5, 47
Let g(m) = 43 + 37*m + 2*m**2 + 48*m - 71*m. What are the prime factors of g(-24)?
859
Let i = -229 - 643. Let g = i + 1985. What are the prime factors of g?
3, 7, 53
Let l(j) = -8*j + 21. Let w(m) = -6. Let i(y) = 5. Let q(f) = -5*i(f) - 4*w(f). Let s(t) = l(t) + 4*q(t). List the prime factors of s(-18).
7, 23
Let y(o) = -6*o**3 + 28*o**2 - 28*o + 20. Let g(f) = -5*f**3 + 28*f**2 - 29*f + 19. Let m(z) = -5*g(z) + 4*y(z). What are the prime factors of m(27)?
3, 7
Suppose -11*a = -4*a - 21. Let y be -27*(-4 + (-16)/(-6)). Suppose a*x - 3*b - 198 = y, 4*b + 84 = x. What are the prime factors of x?
2, 19
Let x = -177 - -370. Let f = x + 212. List the prime factors of f.
3, 5
Let p(i) be the second derivative of 7*i**3/2 - 16*i**2 + i + 5. List the prime factors of p(4).
2, 13
Let j(o) = -o**3 + 8*o**2 + 2. Let s be j(5). Suppose -4*k - 2*u + s + 433 = 0, -3*k + 5*u + 415 = 0. What are the prime factors of k?
2, 5, 13
Let f = -8277 + 10193. What are the prime factors of f?
2, 479
Let w = 35 - 33. Suppose w*i - 195 = 369. Suppose i = 8*z - 270. What are the prime factors of z?
3, 23
Let l(s) = s**3 + 91*s**2 + 670*s + 185. What are the prime factors of l(-82)?
7, 823
List the prime factors of (-4)/(-46) - 21/(-92)*(-535176)/(-3).
2, 5, 509
Suppose -14*g + 17*g = -2*t + 161856, 11*g + 4*t = 593492. What are the prime factors of g?
2, 7, 41, 47
Let x(v) = v**3 + 100*v**2 + 336*v + 324. What are the prime factors of x(-96)?
2, 3, 137
Suppose 4*z + 3*x = -35, 5*z = -x - x - 49. Let p(f) = 3*f + 77. Let r be p(-6). Let v = z + r. What are the prime factors of v?
2, 3
Let k(n) = -n**3 - 21*n**2 - 21*n - 24. Let c be k(-20). Suppose -25*z = -21*z - 32. What are the prime factors of (-6)/(8/c) + z?
11
Let f = -76 + 89. Let i(p) = 6*p**2 - 64*p - 4. What are the prime factors of i(f)?
2, 89
Let w(j) = -4*j**3 + 6*j**2 - 10*j - 12. List the prime factors of w(-12).
2, 3, 73
Suppose -5 = 5*j, -4*j + 136 = 2*q - 420. Suppose 0 = -5*s - 2*x + q, 2*s = -x - 9 + 122. Let a = 130 + s. What are the prime factors of a?
2, 23
Let u(j) be the third derivative of 31*j**4/12 - 33*j**3/2 + 5*j**2 + 5*j. List the prime factors of u(9).
3, 17
What are the prime factors of 4/8 - (650142/(-132) - 6/33)?
2, 3, 821
Let a be (-4 - -4) + -2 + 311. Let t = a + -184. What are the prime factors of t?
5
Suppose 10*q - 13*q = -12. Suppose 2*b - 28 = -4*y + 4, 0 = -q*y + 20. List the prime factors of b.
2, 3
Suppose 2*p - 4 = -12. Let l(h) = 49*h + 1. Let t(r) = -48*r. Let s(f) = p*t(f) - 3*l(f). List the prime factors of s(2).
3, 29
Suppose p + 4*p - 35 = -5*d, p - 5 = 0. Suppose -f = 5*q - 1158 - 723, -d*q + 751 = -f. What are the prime factors of q?
2, 47
Let o = 295 - 291. Suppose o*b = q + 3*q - 2220, 4*q - 2247 = -5*b. What are the prime factors of q?
2, 3, 31
Suppose 5*w + 12146 = 4*k + 3071, -2*k + 3*w + 4535 = 0. Suppose k + 952 = 7*v. List the prime factors of v.
461
Let z = 78 + -60. Suppose -2*x - 7 = s, 1 = 3*s - 2*x - z. Suppose -t - s*b = 11 - 100, 3*t = -b + 283. What are the prime factors of t?
5, 19
Let g(w) = w**2 + 4*w - 5. Let j be g(2). Suppose 2 - j = -5*o. Let q(u) = 196*u**2 - 4*u + 3. What are the prime factors of q(o)